{"id":7949,"date":"2021-01-13T20:04:41","date_gmt":"2021-01-14T00:04:41","guid":{"rendered":"https:\/\/bandeirantes.ms.gov.br\/v2\/?page_id=7949"},"modified":"2021-01-25T12:18:32","modified_gmt":"2021-01-25T16:18:32","slug":"processo-seletivo-simplificado","status":"publish","type":"page","link":"https:\/\/bandeirantes.ms.gov.br\/v2\/processo-seletivo-simplificado\/","title":{"rendered":"Processo Seletivo Simplificado"},"content":{"rendered":"<p>&nbsp;<\/p>\n<p>O PREFEITO MUNICIPAL DE BANDEIRANTES, Estado de Mato Grosso do Sul, EDERVAN GUSTAVO SPROTTE, em conjunto com o SECRET\u00c1RIO MUNICIPAL DE EDUCA\u00c7\u00c3O E SECRET\u00c1RIO MUNICIPAL DE ADMINISTRA\u00c7\u00c3O, no uso de suas atribui\u00e7\u00f5es, com fulcro nos artigos 7\u00ba e 8\u00ba do Decreto n. 002 de 11 de janeiro de 2018, torna p\u00fablico, para conhecimento dos interessados, a abertura de inscri\u00e7\u00e3o para o Cadastro do quadro de Professores Tempor\u00e1rios, para atuar nas Unidades Escolares da Rede Municipal de Educa\u00e7\u00e3o, nos termos e condi\u00e7\u00f5es constantes neste Edital.<\/p>\n<p>In\u00edcio das inscri\u00e7\u00f5es: <strong>18\/01\/2021 \u00e0s 00h00<br \/>\n<\/strong>T\u00e9rmino das inscri\u00e7\u00f5es: <strong>27\/01\/2021 \u00e0s 23h59&nbsp;<\/strong><\/p>\n<p>Mais informa\u00e7\u00f5es:<br \/>\n<a href=\"https:\/\/bandeirantes.ms.gov.br\/v2\/wp-content\/uploads\/2021\/01\/EDITALSEMED002CADASTROPROF-FINAL.pdf\" target=\"_blank\" rel=\"noopener\">Edital 002\/SEMED\/2021 (PDF)<\/a><br \/>\n<a href=\"https:\/\/bandeirantes.ms.gov.br\/v2\/wp-content\/uploads\/2021\/01\/BANDEIRANTES-CADASTPROF-AnexoISemed-Final.pdf\" target=\"_blank\" rel=\"noopener\">Anexo I (PDF)<\/a><\/p>\n<p>&nbsp;<\/p>\n<p>[PMBandeirantesInscricao202101]<\/p>\n","protected":false},"excerpt":{"rendered":"<p>&nbsp; O PREFEITO MUNICIPAL DE BANDEIRANTES, Estado de Mato Grosso do Sul, EDERVAN GUSTAVO SPROTTE, em conjunto com o SECRET\u00c1RIO MUNICIPAL DE EDUCA\u00c7\u00c3O E SECRET\u00c1RIO MUNICIPAL DE ADMINISTRA\u00c7\u00c3O, no uso de suas atribui\u00e7\u00f5es, com fulcro nos artigos 7\u00ba e 8\u00ba do Decreto n. 002 de 11 de janeiro de 2018, torna p\u00fablico, para conhecimento dos [&hellip;]<\/p>\n","protected":false},"author":1,"featured_media":0,"parent":0,"menu_order":0,"comment_status":"closed","ping_status":"closed","template":"","meta":{"footnotes":""},"class_list":["post-7949","page","type-page","status-publish","hentry"],"_links":{"self":[{"href":"https:\/\/bandeirantes.ms.gov.br\/v2\/wp-json\/wp\/v2\/pages\/7949","targetHints":{"allow":["GET"]}}],"collection":[{"href":"https:\/\/bandeirantes.ms.gov.br\/v2\/wp-json\/wp\/v2\/pages"}],"about":[{"href":"https:\/\/bandeirantes.ms.gov.br\/v2\/wp-json\/wp\/v2\/types\/page"}],"author":[{"embeddable":true,"href":"https:\/\/bandeirantes.ms.gov.br\/v2\/wp-json\/wp\/v2\/users\/1"}],"replies":[{"embeddable":true,"href":"https:\/\/bandeirantes.ms.gov.br\/v2\/wp-json\/wp\/v2\/comments?post=7949"}],"version-history":[{"count":14,"href":"https:\/\/bandeirantes.ms.gov.br\/v2\/wp-json\/wp\/v2\/pages\/7949\/revisions"}],"predecessor-version":[{"id":8064,"href":"https:\/\/bandeirantes.ms.gov.br\/v2\/wp-json\/wp\/v2\/pages\/7949\/revisions\/8064"}],"wp:attachment":[{"href":"https:\/\/bandeirantes.ms.gov.br\/v2\/wp-json\/wp\/v2\/media?parent=7949"}],"curies":[{"name":"wp","href":"https:\/\/api.w.org\/{rel}","templated":true}]}}