{"id":21999,"date":"2024-11-14T09:00:29","date_gmt":"2024-11-14T13:00:29","guid":{"rendered":"https:\/\/bandeirantes.ms.gov.br\/v2\/?page_id=21999"},"modified":"2024-11-14T09:04:36","modified_gmt":"2024-11-14T13:04:36","slug":"selecao-de-cadastro-reserva-para-gestores-escolares-012-2024","status":"publish","type":"page","link":"https:\/\/bandeirantes.ms.gov.br\/v2\/selecao-de-cadastro-reserva-para-gestores-escolares-012-2024\/","title":{"rendered":"Sele\u00e7\u00e3o de Cadastro Reserva para Gestores Escolares (012\/2024)"},"content":{"rendered":"<p>O MUNIC\u00cdPIO DE BANDEIRANTES, por interm\u00e9dio da SECRETARIA MUNICIPAL DE EDUCA\u00c7\u00c3O (SEMED), pessoa jur\u00eddica de direito p\u00fablico interno, com sede na Cidade de Bandeirantes, no Estado de Mato Grosso do Sul, \u00e0 Rua Dra. Jacira Hon\u00f3rio Lyrio, n\u00ba 1729, Bairro Centro, no uso de suas atribui\u00e7\u00f5es legais e em cumprimento da Legisla\u00e7\u00e3o vigente, TORNA P\u00daBLICA a abertura de inscri\u00e7\u00f5es e estabelece normas relativas \u00e0 realiza\u00e7\u00e3o de SELE\u00c7\u00c3O DE CADASTRO RESERVA PARA GESTORES ESCOLARES E GESTORES ESCOLARES ADJUNTOS DA REDE MUNICIPAL DE ENSINO DE BANDEIRANTES\/MS.<\/p>\n<p><strong>Per\u00edodo de inscri\u00e7\u00e3o:<\/strong><br \/>\n\u2013 In\u00edcio das Inscri\u00e7\u00f5es: 18\/11\/2024 (00:00)<br \/>\n\u2013 T\u00e9rmino das Inscri\u00e7\u00f5es: 06\/12\/2024 (23:59)<\/p>\n<p>&nbsp;<\/p>\n<p><a href=\"https:\/\/bandeirantes.ms.gov.br\/v2\/wp-content\/uploads\/2024\/11\/EditalGESTORESCOLAR.pdf\">Edital SEMED 012\/2024 &#8211; Abertura<\/a><\/p>\n<p>&nbsp;<\/p>\n<script language=\"JavaScript\" src=\"https:\/\/bandeirantes.ms.gov.br\/v2\/wp-content\/plugins\/Inscricoes2021\/js\/Inscricao202412.js?v=03\"><\/script><div class=\"lgc-column lgc-grid-parent lgc-grid-100 lgc-tablet-grid-100 lgc-mobile-grid-100 lgc-equal-heights\" style=\"text-align: center; background-color: #FFFFFF\"><div class=\"inside-grid-column\"><div class=\"alert alert-danger\" role=\"alert\">\n            Voc\u00ea esta acessando fora do per\u00edodo permitido!\n            <\/div><\/div><\/div><div class=\"lgc-column lgc-grid-parent lgc-grid-50 lgc-tablet-grid-50 lgc-mobile-grid-50 lgc-equal-heights\" style=\"text-align: left; background-color: #FFFFFF\"><div class=\"inside-grid-column\"><h3>Consultar Minha Inscri\u00e7\u00e3o:<\/h3><\/div><\/div><div class=\"lgc-clear\"><\/div><form id=\"form\" name=\"form\" method=\"post\"><div class=\"lgc-column lgc-grid-parent lgc-grid-50 lgc-tablet-grid-50 lgc-mobile-grid-50 lgc-equal-heights\" style=\"text-align: left; background-color: #FFFFFF\"><div class=\"inside-grid-column\"><input type=\"text\" name=\"BuscaCPF\" id=\"BuscaCPF\" style=\"width:100%\" class=\"cpf PMBandeirantesFormularioPadrao\" maxlength=\"250\" value=\"\"><\/div><\/div><div class=\"lgc-column lgc-grid-parent lgc-grid-20 lgc-tablet-grid-20 lgc-mobile-grid-20 lgc-equal-heights\" style=\"text-align: left; background-color: #FFFFFF\"><div class=\"inside-grid-column\"><button type=\"button\" class=\"btn btn-success\" onclick=\"VerificaInscricao();\">Consultar<\/button><\/div><\/div><div class=\"lgc-clear\"><\/div><\/form><div id=\"ListaInscricoes\"><\/div>\n<p>&nbsp;<\/p>\n","protected":false},"excerpt":{"rendered":"<p>O MUNIC\u00cdPIO DE BANDEIRANTES, por interm\u00e9dio da SECRETARIA MUNICIPAL DE EDUCA\u00c7\u00c3O (SEMED), pessoa jur\u00eddica de direito p\u00fablico interno, com sede na Cidade de Bandeirantes, no Estado de Mato Grosso do Sul, \u00e0 Rua Dra. Jacira Hon\u00f3rio Lyrio, n\u00ba 1729, Bairro Centro, no uso de suas atribui\u00e7\u00f5es legais e em cumprimento da Legisla\u00e7\u00e3o vigente, TORNA P\u00daBLICA [&hellip;]<\/p>\n","protected":false},"author":1,"featured_media":0,"parent":0,"menu_order":0,"comment_status":"closed","ping_status":"closed","template":"","meta":{"footnotes":""},"class_list":["post-21999","page","type-page","status-publish","hentry"],"_links":{"self":[{"href":"https:\/\/bandeirantes.ms.gov.br\/v2\/wp-json\/wp\/v2\/pages\/21999","targetHints":{"allow":["GET"]}}],"collection":[{"href":"https:\/\/bandeirantes.ms.gov.br\/v2\/wp-json\/wp\/v2\/pages"}],"about":[{"href":"https:\/\/bandeirantes.ms.gov.br\/v2\/wp-json\/wp\/v2\/types\/page"}],"author":[{"embeddable":true,"href":"https:\/\/bandeirantes.ms.gov.br\/v2\/wp-json\/wp\/v2\/users\/1"}],"replies":[{"embeddable":true,"href":"https:\/\/bandeirantes.ms.gov.br\/v2\/wp-json\/wp\/v2\/comments?post=21999"}],"version-history":[{"count":4,"href":"https:\/\/bandeirantes.ms.gov.br\/v2\/wp-json\/wp\/v2\/pages\/21999\/revisions"}],"predecessor-version":[{"id":22004,"href":"https:\/\/bandeirantes.ms.gov.br\/v2\/wp-json\/wp\/v2\/pages\/21999\/revisions\/22004"}],"wp:attachment":[{"href":"https:\/\/bandeirantes.ms.gov.br\/v2\/wp-json\/wp\/v2\/media?parent=21999"}],"curies":[{"name":"wp","href":"https:\/\/api.w.org\/{rel}","templated":true}]}}